7, 37
Let s(v) = -2*v**2 + 95*v - 57. Let h(b) = -4*b**2 + 143*b - 86. Let f(r) = -5*h(r) + 8*s(r). List the prime factors of f(-17).
5, 73
Suppose -z = 3*u - 2453, -2*z + u + 2*u = -4951. List the prime factors of z.
2, 617
Let h = -682 + 682. Suppose -5*n - 3*q + 9022 = h, 3*n - q - 5420 = 4*q. What are the prime factors of n?
5, 19
What are the prime factors of (-77)/(462/(-46440)) - -12?
2, 3, 17, 19
Let u(q) = 11*q - 100. Let b be u(9). What are the prime factors of (b - (-3)/2)/(13/13988)?
2, 269
Let z = 2823 - -5068. List the prime factors of z.
13, 607
Suppose -218*q + 213*q = k - 184176, -4*k + 184179 = 5*q. What are the prime factors of q?
5, 53, 139
Suppose -2*v = -110 + 102. Let x be 1 - (-4)/2*(v + -6). Let a(y) = 27*y**2 - 5*y + 5. What are the prime factors of a(x)?
263
Let u be 9 - 3/(-6)*8/(-4). Suppose -2*y + u = 4*a, -3 - 3 = -2*a - 2*y. List the prime factors of 32 + a - (4 + -1).
2, 3, 5
Let h = -19 - -17. Let p be (-7)/h*(-72)/(-21). Suppose 7*z + 280 = p*z. What are the prime factors of z?
2, 7
Let r be 1/(-7) + 210/98. Let v(k) = -k**2 + 4*k. Let j be v(r). Suppose -j*c + 496 = 5*u, -2*u + 504 = 4*c + u. What are the prime factors of c?
3, 43
Suppose 0 = 4*h - 1030 + 66. Suppose -4*r + 5*b + h = -0*r, 5*r = 2*b + 314. Let k = 230 - r. List the prime factors of k.
2, 83
Let i(x) = -24 + 1 + 1 + 16*x - 3*x. Let b be i(7). Suppose 2*f - 17 = -p - 2, -5*p - 4*f + b = 0. What are the prime factors of p?
13
Let s(u) = -u**3 + 5*u**2 - u + 31. Let v be s(13). Let o = v + 2249. List the prime factors of o.
3, 5, 61
Let g(m) = 3*m + 35. Let q(j) = j**3 + 6*j**2 + j + 8. Let l be q(-6). Suppose l*o = -5*c + 17 + 23, 0 = -3*c - o + 23. List the prime factors of g(c).
53
Suppose 2*q - 23089 = 3*y + 5197, 2*q - 28286 = -y. What are the prime factors of q?
14143
Let z be 4 - 1 - (-3)/(-5 + 4). Suppose z = -10*b + 1881 + 979. List the prime factors of b.
2, 11, 13
Suppose 4*c + 14 = 3*g, -11*c - 2*g = -8*c + 19. Let n(i) = i**3 + 10*i**2 - 2*i + 5. List the prime factors of n(c).
2, 5, 7
Suppose 0 = q - n - 683, n - 6*n = -3*q + 2053. Suppose -775 - 379 = -5*a + 2*o, -5*o = -3*a + q. Suppose 3*v - a = -v. What are the prime factors of v?
2, 29
Let a(s) = -201*s**2 - s. Suppose -3 = 3*o - p - 4, 4*o + 24 = -5*p. Let w(c) = -c. Let z(t) = o*a(t) + 4*w(t). What are the prime factors of z(1)?
2, 3, 11
Suppose -115*y + 795413 = -21*y - 2970133. What are the prime factors of y?
3, 4451
Let y(s) = -10*s + 1. Let a be y(1). Let l(p) = 3 - 14*p - 15*p + 2*p**3 + 0 + 18*p - p**3 + 8*p**2. List the prime factors of l(a).
3, 7
Let i be 1/(-7) - (-7 + (-11584)/(-56)). Let t = i - -406. Let u = t + -9. What are the prime factors of u?
197
Suppose -6*u = 90 - 1194. Let s = u - 340. What are the prime factors of 8/12 + s/(-9)?
2, 3
Let q be 1214*1/(-10) - (-28)/70. Let s = q + 786. What are the prime factors of s?
5, 7, 19
Suppose -3*j = -538 - 17. Let f be -315*(-30)/(-35)*-1. Let q = f - j. What are the prime factors of q?
5, 17
Let i(v) = 8*v**3 - v**2 - v + 1. Let l be i(1). Suppose -l*m = -12*m - 225. List the prime factors of (684/m)/((-22)/10 + 2).
2, 19
Let m(p) = -5*p**3 - p**3 - 1279 + 1281 + p + 5*p**3 + 2*p. Let x be (1 - -1) + -2*1. What are the prime factors of m(x)?
2
Let j(y) = -43*y + 42. Let d be j(-2). Suppose -d*o + 123*o + 3125 = 0. What are the prime factors of o?
5
Let i be (6/7)/(31/434). Suppose i*s - 16*s + 20 = 0. Suppose -4*z + s*d = z - 220, 5*d = 5. What are the prime factors of z?
3, 5
Let u(l) = -783*l + 685. List the prime factors of u(-9).
2, 1933
List the prime factors of (-3274)/(2 - 261/126).
2, 7, 1637
Let t(c) = c**3 - 13*c**2 - 186*c - 194. What are the prime factors of t(34)?
2, 13, 683
Let u(k) = -k**3 + 3*k**2 - 5*k + 8092. What are the prime factors of u(0)?
2, 7, 17
Let n(h) = 28*h - 57. Suppose 3*y - 2*m - 25 = -2*y, 5*y - 25 = -4*m. Let i(q) = 14*q - 28. Let c(p) = y*i(p) - 3*n(p). What are the prime factors of c(-9)?
157
Let a(t) = 3*t - 24. Let n(y) = -7*y + 47. Let r(x) = -9*a(x) - 4*n(x). Suppose 2*h = 5*q + 60, h - 6*h + q = -104. What are the prime factors of r(h)?
2, 3
What are the prime factors of 124816/20 - 40/50?
2, 3, 5, 13
Suppose -3 = n + 5*l - 8, -l = -n - 1. Suppose n = -15*x + 5*x - 23240. List the prime factors of (-2)/(32/x) + (-3)/(-4).
2, 73
Let u be ((-1)/(-1))/(9 - (-210)/(-24)). Suppose 25*d = -u*d + 11484. List the prime factors of d.
2, 3, 11
List the prime factors of (-2457848)/2844*(-9 - 0).
2, 3889
What are the prime factors of 11371 - (-1)/(-2)*(-4 - -4)?
83, 137
Let r = -32044 + 56011. List the prime factors of r.
3, 2663
Suppose -26*p + 77 = -19*p. Let a = p + -8. Suppose -a*r - 23 + 151 = q, r + 140 = q. What are the prime factors of q?
137
Let k be (2 + 28/(-6))/((-5)/15). Let r = k - 2. Suppose -5*i = r*z - 3*z - 146, -4*i = -16. What are the prime factors of z?
2, 3, 7
Let u be (2 + 3/(-9))*9. Let o be 1*1/3*u. Suppose o = 5*f - 50. List the prime factors of f.
11
Let b(g) = 9*g**2 + 145*g - 1378. What are the prime factors of b(-68)?
2, 3, 61, 83
Suppose 4*c = 2*z + 12, 0*z - 3*z = -3*c + 3. Suppose 5*v + z*i - 2215 = 0, v = 3*v + 2*i - 884. What are the prime factors of v?
3, 149
Suppose -31*m = -28*m - 12. Let t(r) = -m*r + 9*r - 10*r - 9. What are the prime factors of t(-4)?
11
Let p(c) = c**3 - 10*c**2 + 29*c - 12. Let w be p(5). Suppose -w*y = -1431 - 705. List the prime factors of y.
3, 89
Let o be -4*(-2 - -62) - 7. Let y = 761 + o. What are the prime factors of y?
2, 257
Let o(r) = 9*r**2 + 61*r + 3. Let q(u) = -19*u**2 - 123*u - 7. Let l(x) = -13*o(x) - 6*q(x). List the prime factors of l(-17).
71
Let m be (-5 - (-6 + 4)) + 1420. Suppose 3*a = 16*a - m. What are the prime factors of a?
109
Let k = -82 - -82. Suppose k = -0*i + 2*i - 1552. List the prime factors of i.
2, 97
Let r(d) = d**3 + 8*d**2 + 5*d - 9. Let j be -11 + (6 - (-4 + 6)). Let a be r(j). What are the prime factors of (-5 + a)*(-2)/(-6) - -125?
5
Let o = 342 - -20382. Suppose 0 = 25*p - 3*p - o. What are the prime factors of p?
2, 3, 157
Suppose 20*v - 108 = 16*v. Let c = -21 + v. List the prime factors of 1*(-4 + c + -3) - -103.
2, 3, 17
Suppose -5*s = -4*q + 6744, -2*q - 5*s = -3*s - 3372. Let h = -943 + q. List the prime factors of h.
743
Let k(i) be the second derivative of i**4/12 - i**3/3 - i**2/2 - 12*i. Let p be k(-2). Suppose -2*a - 275 = -p*a. What are the prime factors of a?
5, 11
Let d(r) = 19*r**2 + 3. Let f(z) = -z + 6. Let t be f(6). Suppose t = -0*y + y + 2. What are the prime factors of d(y)?
79
Let g(y) = -y**2 + 35*y - 147. Let s be g(30). Suppose -5*t + 5*x + 3780 = 0, t - 143 - 603 = s*x. What are the prime factors of t?
761
Let h be -3 + 4 + (-1 - -12). Suppose 0 = 2*i - 4*g - 6, i + 6 = -g + h. Suppose -i*z + 132 + 233 = 0. What are the prime factors of z?
73
Let d be ((-9)/5)/(20/100). Let z(a) = 0*a + 176 - 178 + a**2 - 5*a. List the prime factors of z(d).
2, 31
Suppose 3*b + 2*b - 5*l - 25 = 0, -b + 2*l + 7 = 0. Suppose b*v + 7*v = 5900. List the prime factors of v.
2, 5, 59
Let j(b) = 518*b - 14. What are the prime factors of j(15)?
2, 7, 277
Let l(a) = -12*a - 9. Let o be l(-6). Suppose 31*t = 129*t - 2450. Let c = o - t. List the prime factors of c.
2, 19
Let c be -4 + (-2)/(1/(-12)*3). Suppose 0 = -4*p + 4*q + 8, c*p + 5*q + 8 = -2. Suppose 5*f - 5*n = 2*f + 509, -5*n + 10 = p. What are the prime factors of f?
173
Let b(m) be the second derivative of m**5/20 - m**3/6 + 229*m**2/2 - 32*m - 1. List the prime factors of b(0).
229
Let f = 1490 - 761. Let o = f + -215. Suppose 0 = 3*s + 2*x - 4*x - o, -4*x = s - 162. What are the prime factors of s?
2, 5, 17
Let m(d) = 453*d**3 + 2*d**2 + 2*d + 1. Let l be m(-1). Let j = l + 645. List the prime factors of j.
193
Suppose -5*z + 5*g = -5, 4*g - g = -2*z + 27. Suppose 3*a - 753 = z*a. Let v = -143 - a. List the prime factors of v.
2, 3
Let o = -359 - -364. Suppose -3*t + 31 + 81 = -b, -5*t + o*b = -180. List the prime factors of t.
2, 19
Let l(u) = u**3 + 20*u**2 + 61*u - 39. Let h be l(-16). Suppose -1905 = -5*v - 3*g, v + h*g = 13*g + 358. List the prime factors of v.
2, 3, 7
Let o(u) = 17*u**3 + 8*u**2 - 12*u - 2. List the prime factors of o(2).
2, 71
Suppose 4*v = 5*v. Suppose -3*n + 89 + 133 = v. What are the pri